{"id":45864,"date":"2023-08-24T12:20:49","date_gmt":"2023-08-24T11:20:49","guid":{"rendered":"https:\/\/www.ffbs.at\/blog\/?page_id=45864"},"modified":"2024-02-09T13:56:30","modified_gmt":"2024-02-09T12:56:30","slug":"dlk","status":"publish","type":"page","link":"https:\/\/www.ffbs.at\/blog\/dlk\/","title":{"rendered":"DLK"},"content":{"rendered":"\n<h3 class=\"wp-block-heading\">Drehleiter mit Korb<\/h3>\n\n\n\n<p>Am 9. November 2009 wurde in der Freiwilligen Feuerwehr-Baden-Stadt ein neues Drehleiterfahrzeug vom Typ Magirus DLK 23-12 GLT CS als erstes seiner Generation in N\u00d6 in Dienst gestellt. Die neue Gelenk-Teleskopdrehleiter mit Computerstabilisierung erm\u00f6glicht eine Rettungs- bzw. Arbeitsbereicherweiterung von etwa 30 % gegen\u00fcber dem Arbeitsbereich der bisher verwendeten Drehleiter.<\/p>\n\n\n\n<p>Im Zuge des Ankaufes der neuen Drehleiter wurde auch darauf geachtet, dass die Ausr\u00fcstung, welche von der FF Baden-Stadt selbst finanziert wurde, dem modernsten Standard entspricht. In diesem Zusammenhang wurden z.B. ein Abseilger\u00e4t, ein Motortrennschleifger\u00e4t, ein Hochdruckl\u00f6schger\u00e4t sowie 5 Punkt Auffang- Sicherungsgurte angeschafft. Dem Atemschutz-Trupp der Drehleiter werden in Zukunft auch ein TNT Tool (Brech- Schlagwerkzeug), Ex- gesch\u00fctzte Knickstablampen und leichtere Feuerwehrgurte (Modell Linz) zur Verf\u00fcgung stehen. Zur sicheren Personenrettung dient eine Korbschleiftrage samt Zubeh\u00f6r (mit einer entsprechenden Multifunktionshalterung, die es auch erm\u00f6glicht, Personen mit z.B. bei Rettungsdiensten gebr\u00e4uchlichen Tragen \u00fcber den Drehleiterkorb zu transportieren).<\/p>\n\n\n\n<div style=\"height:28px\" aria-hidden=\"true\" class=\"wp-block-spacer\"><\/div>\n\n\n\n<p><strong>Technische Daten:<\/strong><\/p>\n\n\n\n<p>\u2013 Fahrgestell: Iveco FF 160E30<br>\u2013 Aufbau: Magirus Lohr<br>\u2013 Baujahr: 2009<br>\u2013 Motorleistung: 220 kW (299 PS)<br>\u2013 H\u00f6chst zul. Gesamtgewicht: 16.000 kg<br>\u2013 Besatzung: 1:2<br>\u2013 L\u00e4nge: 10 m Breite: 2,5 m H\u00f6he: 3,23 m<\/p>\n\n\n\n<p><a href=\"https:\/\/www.ffbs.at\/blog\/?page_id=278\">Mehr Infos<\/a><\/p>\n\n\n\n<div style=\"height:43px\" aria-hidden=\"true\" class=\"wp-block-spacer\"><\/div>\n\n\n<div  id=\"jtg-45865\" class=\"modula modula-gallery modula-columns\" data-config=\"{&quot;tabletHeight&quot;:0,&quot;mobileHeight&quot;:0,&quot;desktopHeight&quot;:0,&quot;enableTwitter&quot;:false,&quot;enableWhatsapp&quot;:false,&quot;enableFacebook&quot;:false,&quot;enablePinterest&quot;:false,&quot;enableLinkedin&quot;:false,&quot;enableEmail&quot;:false,&quot;randomFactor&quot;:0,&quot;type&quot;:&quot;grid&quot;,&quot;columns&quot;:12,&quot;gutter&quot;:10,&quot;mobileGutter&quot;:10,&quot;tabletGutter&quot;:10,&quot;desktopGutter&quot;:10,&quot;enableResponsive&quot;:&quot;0&quot;,&quot;tabletColumns&quot;:&quot;2&quot;,&quot;mobileColumns&quot;:&quot;1&quot;,&quot;lazyLoad&quot;:0,&quot;lightboxOpts&quot;:{&quot;animated&quot;:true,&quot;Thumbs&quot;:{&quot;type&quot;:&quot;modern&quot;,&quot;showOnStart&quot;:false},&quot;Toolbar&quot;:{&quot;display&quot;:{&quot;right&quot;:[&quot;close&quot;]},&quot;enabled&quot;:true},&quot;Carousel&quot;:{&quot;Panzoom&quot;:{&quot;touch&quot;:true},&quot;infinite&quot;:false},&quot;keyboard&quot;:{&quot;Escape&quot;:&quot;close&quot;,&quot;Delete&quot;:&quot;close&quot;,&quot;Backspace&quot;:&quot;close&quot;,&quot;PageUp&quot;:false,&quot;PageDown&quot;:false,&quot;ArrowUp&quot;:false,&quot;ArrowDown&quot;:false,&quot;ArrowRight&quot;:false,&quot;ArrowLeft&quot;:false},&quot;touch&quot;:false,&quot;backdropClick&quot;:false,&quot;l10n&quot;:{&quot;CLOSE&quot;:&quot;Close&quot;,&quot;NEXT&quot;:&quot;Next&quot;,&quot;PREV&quot;:&quot;Previous&quot;,&quot;Error&quot;:&quot;The requested content cannot be loaded. Please try again later.&quot;,&quot;PLAY_START&quot;:&quot;Start slideshow&quot;,&quot;PLAY_STOP&quot;:&quot;Pause slideshow&quot;,&quot;FULL_SCREEN&quot;:&quot;Full screen&quot;,&quot;THUMBS&quot;:&quot;Thumbnails&quot;,&quot;DOWNLOAD&quot;:&quot;Download&quot;,&quot;SHARE&quot;:&quot;Share&quot;,&quot;ZOOM&quot;:&quot;Zoom&quot;,&quot;EMAIL&quot;:&quot;Here is the link to the image : %%image_link%% and this is the link to the gallery : %%gallery_link%%&quot;,&quot;MODAL&quot;:&quot;You can close this modal content with the ESC key&quot;,&quot;ERROR&quot;:&quot;Something Went Wrong, Please Try Again Later&quot;,&quot;IMAGE_ERROR&quot;:&quot;Image Not Found&quot;,&quot;ELEMENT_NOT_FOUND&quot;:&quot;HTML Element Not Found&quot;,&quot;AJAX_NOT_FOUND&quot;:&quot;Error Loading AJAX : Not Found&quot;,&quot;AJAX_FORBIDDEN&quot;:&quot;Error Loading AJAX : Forbidden&quot;,&quot;IFRAME_ERROR&quot;:&quot;Error Loading Page&quot;,&quot;TOGGLE_ZOOM&quot;:&quot;Toggle zoom level&quot;,&quot;TOGGLE_THUMBS&quot;:&quot;Toggle thumbnails&quot;,&quot;TOGGLE_SLIDESHOW&quot;:&quot;Toggle slideshow&quot;,&quot;TOGGLE_FULLSCREEN&quot;:&quot;Toggle full-screen mode&quot;},&quot;Images&quot;:{&quot;Panzoom&quot;:{&quot;maxScale&quot;:2}},&quot;mainClass&quot;:&quot;modula-fancybox-container modula-lightbox-jtg-45865&quot;,&quot;Html&quot;:{&quot;videoAutoplay&quot;:0,&quot;videoTpl&quot;:&quot;&lt;video class=\\&quot;fancybox__html5video\\&quot; controls muted playsinline controlsList controlsList=\\&quot;nodownload\\&quot; poster=\\&quot;{{poster}}\\&quot; src=\\&quot;{{src}}\\&quot; type=\\&quot;{{format}}\\&quot; &gt;  Sorry, your browser doesn&#039;t support embedded videos, &lt;a href=\\&quot;{{src}}\\&quot;&gt; download &lt;\\\/a&gt; and watch with your favorite video player! &lt;\\\/video&gt;&quot;}},&quot;inView&quot;:false,&quot;email_subject&quot;:&quot;Check out this awesome image !!&quot;,&quot;email_message&quot;:&quot;Here is the link to the image : %%image_link%% and this is the link to the gallery : %%gallery_link%%&quot;,&quot;grid_type&quot;:&quot;automatic&quot;,&quot;rowHeight&quot;:250,&quot;lastRow&quot;:&quot;justify&quot;,&quot;lightbox&quot;:&quot;fancybox&quot;}\">\n\n\t\n\t<div  class=\"modula-items grid-gallery\">\n\t\t<div class=\"modula-item effect-pufrobo\" >\n\t<div class=\"modula-item-overlay\"><\/div>\n\n\t<div class=\"modula-item-content\">\n\n\t\t<a data-image-id=\"45866\" role=\"button\" data-elementor-open-lightbox=\"no\" tabindex=\"0\" rel=\"jtg-45865\" data-caption=\"\" aria-label=\"Open image in lightbox\" class=\"tile-inner modula-item-link\"><\/a><img fetchpriority=\"high\" decoding=\"async\" class=\"pic wp-image-45866\"  data-valign=\"middle\" data-halign=\"center\" alt=\"\" data-full=\"https:\/\/www.ffbs.at\/blog\/wp-content\/uploads\/2023\/08\/IMG_2322a-3.jpg\" title=\"IMG_2322a\" crop=\"\" width=\"350\" height=\"350\" src=\"https:\/\/www.ffbs.at\/blog\/wp-content\/uploads\/2023\/08\/IMG_2322a-3-350x350.jpg\" data-src=\"https:\/\/www.ffbs.at\/blog\/wp-content\/uploads\/2023\/08\/IMG_2322a-3-350x350.jpg\" data-caption=\"\" srcset=\"https:\/\/www.ffbs.at\/blog\/wp-content\/uploads\/2023\/08\/IMG_2322a-3-scaled-350x350.jpg 350w, https:\/\/www.ffbs.at\/blog\/wp-content\/uploads\/2023\/08\/IMG_2322a-3-1024x1024.jpg 1024w, https:\/\/www.ffbs.at\/blog\/wp-content\/uploads\/2023\/08\/IMG_2322a-3-200x200.jpg 200w, https:\/\/www.ffbs.at\/blog\/wp-content\/uploads\/2023\/08\/IMG_2322a-3-768x768.jpg 768w\" sizes=\"(max-width: 350px) 100vw, 350px\" \/>\n\t\t<div class=\"figc no-description\">\n\t\t\t<div class=\"figc-inner\">\n\t\t\t\t\t\t\t\t\t\t\t\t\t\t\t<\/div>\n\t\t<\/div>\n\n\t<\/div>\n\n<\/div><div class=\"modula-item effect-pufrobo\" >\n\t<div class=\"modula-item-overlay\"><\/div>\n\n\t<div class=\"modula-item-content\">\n\n\t\t<a data-image-id=\"45867\" role=\"button\" data-elementor-open-lightbox=\"no\" tabindex=\"0\" rel=\"jtg-45865\" data-caption=\"\" aria-label=\"Open image in lightbox\" class=\"tile-inner modula-item-link\"><\/a><img decoding=\"async\" class=\"pic wp-image-45867\"  data-valign=\"middle\" data-halign=\"center\" alt=\"\" data-full=\"https:\/\/www.ffbs.at\/blog\/wp-content\/uploads\/2023\/08\/IMG_2326a.jpg\" title=\"IMG_2326a\" crop=\"\" width=\"350\" height=\"350\" src=\"https:\/\/www.ffbs.at\/blog\/wp-content\/uploads\/2023\/08\/IMG_2326a-350x350.jpg\" data-src=\"https:\/\/www.ffbs.at\/blog\/wp-content\/uploads\/2023\/08\/IMG_2326a-350x350.jpg\" data-caption=\"\" srcset=\"https:\/\/www.ffbs.at\/blog\/wp-content\/uploads\/2023\/08\/IMG_2326a-scaled-350x350.jpg 350w, https:\/\/www.ffbs.at\/blog\/wp-content\/uploads\/2023\/08\/IMG_2326a-1024x1024.jpg 1024w, https:\/\/www.ffbs.at\/blog\/wp-content\/uploads\/2023\/08\/IMG_2326a-200x200.jpg 200w, https:\/\/www.ffbs.at\/blog\/wp-content\/uploads\/2023\/08\/IMG_2326a-768x768.jpg 768w\" sizes=\"(max-width: 350px) 100vw, 350px\" \/>\n\t\t<div class=\"figc no-description\">\n\t\t\t<div class=\"figc-inner\">\n\t\t\t\t\t\t\t\t\t\t\t\t\t\t\t<\/div>\n\t\t<\/div>\n\n\t<\/div>\n\n<\/div><div class=\"modula-item effect-pufrobo\" >\n\t<div class=\"modula-item-overlay\"><\/div>\n\n\t<div class=\"modula-item-content\">\n\n\t\t<a data-image-id=\"45868\" role=\"button\" data-elementor-open-lightbox=\"no\" tabindex=\"0\" rel=\"jtg-45865\" data-caption=\"\" aria-label=\"Open image in lightbox\" class=\"tile-inner modula-item-link\"><\/a><img decoding=\"async\" class=\"pic wp-image-45868\"  data-valign=\"middle\" data-halign=\"center\" alt=\"\" data-full=\"https:\/\/www.ffbs.at\/blog\/wp-content\/uploads\/2023\/08\/IMG_2330a.jpg\" title=\"IMG_2330a\" crop=\"\" width=\"350\" height=\"350\" src=\"https:\/\/www.ffbs.at\/blog\/wp-content\/uploads\/2023\/08\/IMG_2330a-350x350.jpg\" data-src=\"https:\/\/www.ffbs.at\/blog\/wp-content\/uploads\/2023\/08\/IMG_2330a-350x350.jpg\" data-caption=\"\" srcset=\"https:\/\/www.ffbs.at\/blog\/wp-content\/uploads\/2023\/08\/IMG_2330a-scaled-350x350.jpg 350w, https:\/\/www.ffbs.at\/blog\/wp-content\/uploads\/2023\/08\/IMG_2330a-1024x1024.jpg 1024w, https:\/\/www.ffbs.at\/blog\/wp-content\/uploads\/2023\/08\/IMG_2330a-200x200.jpg 200w, https:\/\/www.ffbs.at\/blog\/wp-content\/uploads\/2023\/08\/IMG_2330a-768x768.jpg 768w\" sizes=\"(max-width: 350px) 100vw, 350px\" \/>\n\t\t<div class=\"figc no-description\">\n\t\t\t<div class=\"figc-inner\">\n\t\t\t\t\t\t\t\t\t\t\t\t\t\t\t<\/div>\n\t\t<\/div>\n\n\t<\/div>\n\n<\/div><div class=\"modula-item effect-pufrobo\" >\n\t<div class=\"modula-item-overlay\"><\/div>\n\n\t<div class=\"modula-item-content\">\n\n\t\t<a data-image-id=\"45869\" role=\"button\" data-elementor-open-lightbox=\"no\" tabindex=\"0\" rel=\"jtg-45865\" data-caption=\"\" aria-label=\"Open image in lightbox\" class=\"tile-inner modula-item-link\"><\/a><img loading=\"lazy\" decoding=\"async\" class=\"pic wp-image-45869\"  data-valign=\"middle\" data-halign=\"center\" alt=\"\" data-full=\"https:\/\/www.ffbs.at\/blog\/wp-content\/uploads\/2023\/08\/IMG_2334a.jpg\" title=\"IMG_2334a\" crop=\"\" width=\"350\" height=\"350\" src=\"https:\/\/www.ffbs.at\/blog\/wp-content\/uploads\/2023\/08\/IMG_2334a-350x350.jpg\" data-src=\"https:\/\/www.ffbs.at\/blog\/wp-content\/uploads\/2023\/08\/IMG_2334a-350x350.jpg\" data-caption=\"\" srcset=\"https:\/\/www.ffbs.at\/blog\/wp-content\/uploads\/2023\/08\/IMG_2334a-scaled-350x350.jpg 350w, https:\/\/www.ffbs.at\/blog\/wp-content\/uploads\/2023\/08\/IMG_2334a-1024x1024.jpg 1024w, https:\/\/www.ffbs.at\/blog\/wp-content\/uploads\/2023\/08\/IMG_2334a-200x200.jpg 200w, https:\/\/www.ffbs.at\/blog\/wp-content\/uploads\/2023\/08\/IMG_2334a-768x768.jpg 768w\" sizes=\"(max-width: 350px) 100vw, 350px\" \/>\n\t\t<div class=\"figc no-description\">\n\t\t\t<div class=\"figc-inner\">\n\t\t\t\t\t\t\t\t\t\t\t\t\t\t\t<\/div>\n\t\t<\/div>\n\n\t<\/div>\n\n<\/div><div class=\"modula-item effect-pufrobo\" >\n\t<div class=\"modula-item-overlay\"><\/div>\n\n\t<div class=\"modula-item-content\">\n\n\t\t<a data-image-id=\"45870\" role=\"button\" data-elementor-open-lightbox=\"no\" tabindex=\"0\" rel=\"jtg-45865\" data-caption=\"\" aria-label=\"Open image in lightbox\" class=\"tile-inner modula-item-link\"><\/a><img loading=\"lazy\" decoding=\"async\" class=\"pic wp-image-45870\"  data-valign=\"middle\" data-halign=\"center\" alt=\"\" data-full=\"https:\/\/www.ffbs.at\/blog\/wp-content\/uploads\/2023\/08\/IMG_2664a.jpg\" title=\"IMG_2664a\" crop=\"\" width=\"350\" height=\"350\" src=\"https:\/\/www.ffbs.at\/blog\/wp-content\/uploads\/2023\/08\/IMG_2664a-350x350.jpg\" data-src=\"https:\/\/www.ffbs.at\/blog\/wp-content\/uploads\/2023\/08\/IMG_2664a-350x350.jpg\" data-caption=\"\" srcset=\"https:\/\/www.ffbs.at\/blog\/wp-content\/uploads\/2023\/08\/IMG_2664a-scaled-350x350.jpg 350w, https:\/\/www.ffbs.at\/blog\/wp-content\/uploads\/2023\/08\/IMG_2664a-1024x1024.jpg 1024w, https:\/\/www.ffbs.at\/blog\/wp-content\/uploads\/2023\/08\/IMG_2664a-200x200.jpg 200w, https:\/\/www.ffbs.at\/blog\/wp-content\/uploads\/2023\/08\/IMG_2664a-768x768.jpg 768w\" sizes=\"(max-width: 350px) 100vw, 350px\" \/>\n\t\t<div class=\"figc no-description\">\n\t\t\t<div class=\"figc-inner\">\n\t\t\t\t\t\t\t\t\t\t\t\t\t\t\t<\/div>\n\t\t<\/div>\n\n\t<\/div>\n\n<\/div><div class=\"modula-item effect-pufrobo\" >\n\t<div class=\"modula-item-overlay\"><\/div>\n\n\t<div class=\"modula-item-content\">\n\n\t\t<a data-image-id=\"45871\" role=\"button\" data-elementor-open-lightbox=\"no\" tabindex=\"0\" rel=\"jtg-45865\" data-caption=\"\" aria-label=\"Open image in lightbox\" class=\"tile-inner modula-item-link\"><\/a><img loading=\"lazy\" decoding=\"async\" class=\"pic wp-image-45871\"  data-valign=\"middle\" data-halign=\"center\" alt=\"\" data-full=\"https:\/\/www.ffbs.at\/blog\/wp-content\/uploads\/2023\/08\/IMG_2676a.jpg\" title=\"IMG_2676a\" crop=\"\" width=\"350\" height=\"350\" src=\"https:\/\/www.ffbs.at\/blog\/wp-content\/uploads\/2023\/08\/IMG_2676a-350x350.jpg\" data-src=\"https:\/\/www.ffbs.at\/blog\/wp-content\/uploads\/2023\/08\/IMG_2676a-350x350.jpg\" data-caption=\"\" srcset=\"https:\/\/www.ffbs.at\/blog\/wp-content\/uploads\/2023\/08\/IMG_2676a-scaled-350x350.jpg 350w, https:\/\/www.ffbs.at\/blog\/wp-content\/uploads\/2023\/08\/IMG_2676a-1024x1024.jpg 1024w, https:\/\/www.ffbs.at\/blog\/wp-content\/uploads\/2023\/08\/IMG_2676a-200x200.jpg 200w, https:\/\/www.ffbs.at\/blog\/wp-content\/uploads\/2023\/08\/IMG_2676a-768x768.jpg 768w\" sizes=\"(max-width: 350px) 100vw, 350px\" \/>\n\t\t<div class=\"figc no-description\">\n\t\t\t<div class=\"figc-inner\">\n\t\t\t\t\t\t\t\t\t\t\t\t\t\t\t<\/div>\n\t\t<\/div>\n\n\t<\/div>\n\n<\/div><div class=\"modula-item effect-pufrobo\" >\n\t<div class=\"modula-item-overlay\"><\/div>\n\n\t<div class=\"modula-item-content\">\n\n\t\t<a data-image-id=\"45872\" role=\"button\" data-elementor-open-lightbox=\"no\" tabindex=\"0\" rel=\"jtg-45865\" data-caption=\"\" aria-label=\"Open image in lightbox\" class=\"tile-inner modula-item-link\"><\/a><img loading=\"lazy\" decoding=\"async\" class=\"pic wp-image-45872\"  data-valign=\"middle\" data-halign=\"center\" alt=\"\" data-full=\"https:\/\/www.ffbs.at\/blog\/wp-content\/uploads\/2023\/08\/IMG_2691a.jpg\" title=\"IMG_2691a\" crop=\"\" width=\"350\" height=\"350\" src=\"https:\/\/www.ffbs.at\/blog\/wp-content\/uploads\/2023\/08\/IMG_2691a-350x350.jpg\" data-src=\"https:\/\/www.ffbs.at\/blog\/wp-content\/uploads\/2023\/08\/IMG_2691a-350x350.jpg\" data-caption=\"\" srcset=\"https:\/\/www.ffbs.at\/blog\/wp-content\/uploads\/2023\/08\/IMG_2691a-scaled-350x350.jpg 350w, https:\/\/www.ffbs.at\/blog\/wp-content\/uploads\/2023\/08\/IMG_2691a-1024x1024.jpg 1024w, https:\/\/www.ffbs.at\/blog\/wp-content\/uploads\/2023\/08\/IMG_2691a-200x200.jpg 200w, https:\/\/www.ffbs.at\/blog\/wp-content\/uploads\/2023\/08\/IMG_2691a-768x768.jpg 768w\" sizes=\"(max-width: 350px) 100vw, 350px\" \/>\n\t\t<div class=\"figc no-description\">\n\t\t\t<div class=\"figc-inner\">\n\t\t\t\t\t\t\t\t\t\t\t\t\t\t\t<\/div>\n\t\t<\/div>\n\n\t<\/div>\n\n<\/div>\t\t\n\t<\/div>\n\n\t\n\t\n\t<script type=\"application\/ld+json\">\n\t{\n\t\t\"@context\": \"http:\/\/schema.org\",\n\t\t\"@type\"   : \"ImageGallery\",\n\t\t\"id\"      : \"https:\/\/www.ffbs.at\/blog\/dlk\/\",\n\t\t\"url\"     : \"https:\/\/www.ffbs.at\/blog\/dlk\/\"\n\t}\n\n\t<\/script>\n\n\t\n<\/div>\n\n","protected":false},"excerpt":{"rendered":"<p>Drehleiter mit Korb Am 9. November 2009 wurde in der Freiwilligen Feuerwehr-Baden-Stadt ein neues Drehleiterfahrzeug vom Typ Magirus DLK 23-12 [&hellip;]<\/p>\n","protected":false},"author":8,"featured_media":0,"parent":0,"menu_order":0,"comment_status":"closed","ping_status":"closed","template":"","meta":{"_uag_custom_page_level_css":"","site-sidebar-layout":"default","site-content-layout":"","ast-site-content-layout":"default","site-content-style":"default","site-sidebar-style":"default","ast-global-header-display":"","ast-banner-title-visibility":"","ast-main-header-display":"","ast-hfb-above-header-display":"","ast-hfb-below-header-display":"","ast-hfb-mobile-header-display":"","site-post-title":"","ast-breadcrumbs-content":"","ast-featured-img":"","footer-sml-layout":"","ast-disable-related-posts":"","theme-transparent-header-meta":"","adv-header-id-meta":"","stick-header-meta":"","header-above-stick-meta":"","header-main-stick-meta":"","header-below-stick-meta":"","astra-migrate-meta-layouts":"default","ast-page-background-enabled":"default","ast-page-background-meta":{"desktop":{"background-color":"var(--ast-global-color-4)","background-image":"","background-repeat":"repeat","background-position":"center center","background-size":"auto","background-attachment":"scroll","background-type":"","background-media":"","overlay-type":"","overlay-color":"","overlay-opacity":"","overlay-gradient":""},"tablet":{"background-color":"","background-image":"","background-repeat":"repeat","background-position":"center center","background-size":"auto","background-attachment":"scroll","background-type":"","background-media":"","overlay-type":"","overlay-color":"","overlay-opacity":"","overlay-gradient":""},"mobile":{"background-color":"","background-image":"","background-repeat":"repeat","background-position":"center center","background-size":"auto","background-attachment":"scroll","background-type":"","background-media":"","overlay-type":"","overlay-color":"","overlay-opacity":"","overlay-gradient":""}},"ast-content-background-meta":{"desktop":{"background-color":"var(--ast-global-color-5)","background-image":"","background-repeat":"repeat","background-position":"center center","background-size":"auto","background-attachment":"scroll","background-type":"","background-media":"","overlay-type":"","overlay-color":"","overlay-opacity":"","overlay-gradient":""},"tablet":{"background-color":"var(--ast-global-color-5)","background-image":"","background-repeat":"repeat","background-position":"center center","background-size":"auto","background-attachment":"scroll","background-type":"","background-media":"","overlay-type":"","overlay-color":"","overlay-opacity":"","overlay-gradient":""},"mobile":{"background-color":"var(--ast-global-color-5)","background-image":"","background-repeat":"repeat","background-position":"center center","background-size":"auto","background-attachment":"scroll","background-type":"","background-media":"","overlay-type":"","overlay-color":"","overlay-opacity":"","overlay-gradient":""}},"ngg_post_thumbnail":0,"footnotes":""},"class_list":["post-45864","page","type-page","status-publish","hentry"],"uagb_featured_image_src":{"full":false,"thumbnail":false,"medium":false,"medium_large":false,"large":false,"1536x1536":false,"2048x2048":false,"tp-image-grid":false},"uagb_author_info":{"display_name":"Viktor van de Castell","author_link":"https:\/\/www.ffbs.at\/blog\/author\/viktor\/"},"uagb_comment_info":0,"uagb_excerpt":"Drehleiter mit Korb Am 9. November 2009 wurde in der Freiwilligen Feuerwehr-Baden-Stadt ein neues Drehleiterfahrzeug vom Typ Magirus DLK 23-12 [&hellip;]","rttpg_featured_image_url":null,"rttpg_author":{"display_name":"Viktor van de Castell","author_link":"https:\/\/www.ffbs.at\/blog\/author\/viktor\/"},"rttpg_comment":0,"rttpg_category":null,"rttpg_excerpt":"Drehleiter mit Korb Am 9. November 2009 wurde in der Freiwilligen Feuerwehr-Baden-Stadt ein neues Drehleiterfahrzeug vom Typ Magirus DLK 23-12 [&hellip;]","_links":{"self":[{"href":"https:\/\/www.ffbs.at\/blog\/wp-json\/wp\/v2\/pages\/45864","targetHints":{"allow":["GET"]}}],"collection":[{"href":"https:\/\/www.ffbs.at\/blog\/wp-json\/wp\/v2\/pages"}],"about":[{"href":"https:\/\/www.ffbs.at\/blog\/wp-json\/wp\/v2\/types\/page"}],"author":[{"embeddable":true,"href":"https:\/\/www.ffbs.at\/blog\/wp-json\/wp\/v2\/users\/8"}],"replies":[{"embeddable":true,"href":"https:\/\/www.ffbs.at\/blog\/wp-json\/wp\/v2\/comments?post=45864"}],"version-history":[{"count":4,"href":"https:\/\/www.ffbs.at\/blog\/wp-json\/wp\/v2\/pages\/45864\/revisions"}],"predecessor-version":[{"id":48915,"href":"https:\/\/www.ffbs.at\/blog\/wp-json\/wp\/v2\/pages\/45864\/revisions\/48915"}],"wp:attachment":[{"href":"https:\/\/www.ffbs.at\/blog\/wp-json\/wp\/v2\/media?parent=45864"}],"curies":[{"name":"wp","href":"https:\/\/api.w.org\/{rel}","templated":true}]}}