{"id":214,"date":"2012-01-01T19:49:36","date_gmt":"2012-01-01T17:49:36","guid":{"rendered":"http:\/\/www.ffbs.at\/blog\/?page_id=214"},"modified":"2023-08-29T18:56:03","modified_gmt":"2023-08-29T17:56:03","slug":"feuerwehrkommando","status":"publish","type":"page","link":"https:\/\/www.ffbs.at\/blog\/uber-uns\/sachgebiete\/feuerwehrkommando\/","title":{"rendered":"Feuerwehrkommando"},"content":{"rendered":"\n<div style=\"height:0px\" aria-hidden=\"true\" class=\"wp-block-spacer\"><\/div>\n\n\n\n<div class=\"wp-block-cover alignfull uag-hide-mob\" style=\"min-height:450px;aspect-ratio:unset;\"><span aria-hidden=\"true\" class=\"wp-block-cover__background has-background-dim-60 has-background-dim\" style=\"background-color:#000000\"><\/span><img fetchpriority=\"high\" decoding=\"async\" width=\"2560\" height=\"1149\" class=\"wp-block-cover__image-background wp-image-45628\" alt=\"\" src=\"http:\/\/www.ffbs.at\/blog\/wp-content\/uploads\/2023\/08\/MG_3284-Test-3er-ohne-02a-Kopie-2-scaled.jpg\" style=\"object-position:51% 30%\" data-object-fit=\"cover\" data-object-position=\"51% 30%\" srcset=\"https:\/\/www.ffbs.at\/blog\/wp-content\/uploads\/2023\/08\/MG_3284-Test-3er-ohne-02a-Kopie-2-scaled.jpg 2560w, https:\/\/www.ffbs.at\/blog\/wp-content\/uploads\/2023\/08\/MG_3284-Test-3er-ohne-02a-Kopie-2-1536x689.jpg 1536w, https:\/\/www.ffbs.at\/blog\/wp-content\/uploads\/2023\/08\/MG_3284-Test-3er-ohne-02a-Kopie-2-2048x919.jpg 2048w\" sizes=\"(max-width: 2560px) 100vw, 2560px\" \/><div class=\"wp-block-cover__inner-container is-layout-flow wp-block-cover-is-layout-flow\">\n<div class=\"wp-block-columns alignwide is-layout-flex wp-container-core-columns-is-layout-28f84493 wp-block-columns-is-layout-flex\">\n<div class=\"wp-block-column is-vertically-aligned-center is-layout-flow wp-block-column-is-layout-flow\">\n<div class=\"wp-block-buttons is-horizontal is-content-justification-right is-layout-flex wp-container-core-buttons-is-layout-30af2ff6 wp-block-buttons-is-layout-flex\"><\/div>\n<\/div>\n<\/div>\n<\/div><\/div>\n\n\n\n<div style=\"height:50px\" aria-hidden=\"true\" class=\"wp-block-spacer\"><\/div>\n\n\n\n<h3 class=\"wp-block-heading\">Feuerwehrkommando<\/h3>\n\n\n\n<div class=\"wp-block-cover alignfull is-position-center-center uag-hide-desktop uag-hide-tab\" style=\"min-height:376px;aspect-ratio:unset;\"><span aria-hidden=\"true\" class=\"wp-block-cover__background has-background-dim-30 has-background-dim\" style=\"background-color:#171717\"><\/span><img decoding=\"async\" width=\"1371\" height=\"1659\" class=\"wp-block-cover__image-background wp-image-46122\" alt=\"\" src=\"https:\/\/www.ffbs.at\/blog\/wp-content\/uploads\/2023\/08\/MG_3284-Test-3er-ohne-02a-Kopie-1-4.jpg\" data-object-fit=\"cover\" srcset=\"https:\/\/www.ffbs.at\/blog\/wp-content\/uploads\/2023\/08\/MG_3284-Test-3er-ohne-02a-Kopie-1-4.jpg 1371w, https:\/\/www.ffbs.at\/blog\/wp-content\/uploads\/2023\/08\/MG_3284-Test-3er-ohne-02a-Kopie-1-4-1269x1536.jpg 1269w\" sizes=\"(max-width: 1371px) 100vw, 1371px\" \/><div class=\"wp-block-cover__inner-container is-layout-flow wp-block-cover-is-layout-flow\">\n<div class=\"wp-block-buttons is-horizontal is-content-justification-center is-layout-flex wp-container-core-buttons-is-layout-03627597 wp-block-buttons-is-layout-flex\"><\/div>\n<\/div><\/div>\n\n\n\n<div style=\"height:29px\" aria-hidden=\"true\" class=\"wp-block-spacer uag-hide-desktop uag-hide-tab\"><\/div>\n\n\n<p>In einer Feuerwehr gibt es verschiedene Bereiche, welche durch spezifisches Fachwissen gewartet und das notwendige Wissen an die gesamte Mannschaft weiter gegeben werden muss.<\/p>\n<p>Jedes einzelne Fachthema ben\u00f6tigt einen Bereichsleiter, welcher in der Feuerwehr Fachcharge genannt wird. Diese Fachchargen haben, neben der Erf\u00fcllung ihrer Pflichten in ihrem jeweiligen Fachgebiet, die gro\u00dfe verantwortungsvolle Aufgabe, mit ihrem Spezialwissen das Feuerwehrkommando, im Besonderen den Feuerwehrkommandanten in Fachfragen zu beraten und zu unterst\u00fctzen.<\/p>\n<p>Der Feuerwehrkommandant ist das rangh\u00f6chste Feuerwehrmitglied seiner Wehr und allen Kameraden dienstvorgesetzt. Er f\u00fchrt die Feuerwehr und vertritt diese in der \u00d6ffentlichkeit. Er ist f\u00fcr s\u00e4mtliche T\u00e4tigkeiten, welche im inneren, als auch im \u00e4u\u00dferen Dienstbereich vorgenommen werden endverantwortlich. Der Kommandant ist jedoch auf die aktive Mithilfe jedes einzelnen Mitgliedes angewiesen und muss sich vor allem auf seine Fachchargen verlassen k\u00f6nnen. Neben seiner F\u00fchrungsaufgabe hat er auch die Pflicht, im Bereich des vorbeugenden Brandschutzes dem B\u00fcrgermeister als Baubeh\u00f6rde, beratend zur Seite zu stehen.<\/p>\n<p>Auch die repr\u00e4sentative Aufgabe in der Feuerwehr obliegt dem Kommandanten. Er ist erster Ansprechpartner nicht nur in Feuerwehrfachfragen, sondern hat auch gesellschaftspolitische Aufgaben in der zust\u00e4ndigen Gemeinde zu erf\u00fcllen. Ihm zur Seite steht sein Feuerwehrkommando, bestehend aus dem Feuerwehrkommandantenstellvertreter und dem Leiter des Verwaltungsdienstes.<\/p>\n<p>Der Erstere vertritt den Kommandanten in allen Bereichen bei dessen Abwesenheit und ist auch in unserer Feuerwehr f\u00fcr die allgemeine Ausbildung der Mannschaft dem Kommandanten verantwortlich. Der Leiter des Verwaltungsdienstes kann auch B\u00fcroleiter genannt werden. Er ist der Verantwortliche in s\u00e4mtlichen administrativen Belangen in unserer Feuerwehr.<\/p>\n<p>Der Kommandant und dessen Stellvertreter werden jeweils f\u00fcr einen Zeitraum von f\u00fcnf Jahren von ihren Kameraden in diese Funktion gew\u00e4hlt. Der Leiter des Verwaltungsdienstes wird, so wie die gesamte F\u00fchrungsmannschaft, vom Kommandanten ernannt. In der Feuerwehr Baden Stadt tr\u00e4gt Oberverwalter Mag. Michael Rampl einerseits und Oberbrandinspektor Robert Lichtenauer als Kommandantstellvertreter andererseits&nbsp; die Verantwortung erfolgreich mit.<\/p>\n<p>Feuerwehrkommandant&nbsp; &nbsp;HBI Mag. Gerald Peter<br \/>Feuerwehrkommandant Stv.: &nbsp;OBI Robert Lichtenauer<br \/>Leiter des Verwaltungsdienstes &nbsp;OV Mag. Michael Rampl<\/p>\n\n\n<div style=\"height:38px\" aria-hidden=\"true\" class=\"wp-block-spacer\"><\/div>\n","protected":false},"excerpt":{"rendered":"<p>Feuerwehrkommando In einer Feuerwehr gibt es verschiedene Bereiche, welche durch spezifisches Fachwissen gewartet und das notwendige Wissen an die gesamte [&hellip;]<\/p>\n","protected":false},"author":1,"featured_media":0,"parent":184,"menu_order":0,"comment_status":"closed","ping_status":"closed","template":"","meta":{"_uag_custom_page_level_css":"","site-sidebar-layout":"default","site-content-layout":"","ast-site-content-layout":"default","site-content-style":"default","site-sidebar-style":"default","ast-global-header-display":"","ast-banner-title-visibility":"","ast-main-header-display":"","ast-hfb-above-header-display":"","ast-hfb-below-header-display":"","ast-hfb-mobile-header-display":"","site-post-title":"","ast-breadcrumbs-content":"","ast-featured-img":"","footer-sml-layout":"","ast-disable-related-posts":"","theme-transparent-header-meta":"","adv-header-id-meta":"","stick-header-meta":"","header-above-stick-meta":"","header-main-stick-meta":"","header-below-stick-meta":"","astra-migrate-meta-layouts":"default","ast-page-background-enabled":"default","ast-page-background-meta":{"desktop":{"background-color":"var(--ast-global-color-4)","background-image":"","background-repeat":"repeat","background-position":"center center","background-size":"auto","background-attachment":"scroll","background-type":"","background-media":"","overlay-type":"","overlay-color":"","overlay-opacity":"","overlay-gradient":""},"tablet":{"background-color":"","background-image":"","background-repeat":"repeat","background-position":"center center","background-size":"auto","background-attachment":"scroll","background-type":"","background-media":"","overlay-type":"","overlay-color":"","overlay-opacity":"","overlay-gradient":""},"mobile":{"background-color":"","background-image":"","background-repeat":"repeat","background-position":"center center","background-size":"auto","background-attachment":"scroll","background-type":"","background-media":"","overlay-type":"","overlay-color":"","overlay-opacity":"","overlay-gradient":""}},"ast-content-background-meta":{"desktop":{"background-color":"var(--ast-global-color-5)","background-image":"","background-repeat":"repeat","background-position":"center center","background-size":"auto","background-attachment":"scroll","background-type":"","background-media":"","overlay-type":"","overlay-color":"","overlay-opacity":"","overlay-gradient":""},"tablet":{"background-color":"var(--ast-global-color-5)","background-image":"","background-repeat":"repeat","background-position":"center center","background-size":"auto","background-attachment":"scroll","background-type":"","background-media":"","overlay-type":"","overlay-color":"","overlay-opacity":"","overlay-gradient":""},"mobile":{"background-color":"var(--ast-global-color-5)","background-image":"","background-repeat":"repeat","background-position":"center center","background-size":"auto","background-attachment":"scroll","background-type":"","background-media":"","overlay-type":"","overlay-color":"","overlay-opacity":"","overlay-gradient":""}},"ngg_post_thumbnail":0,"footnotes":""},"class_list":["post-214","page","type-page","status-publish","hentry"],"uagb_featured_image_src":{"full":false,"thumbnail":false,"medium":false,"medium_large":false,"large":false,"1536x1536":false,"2048x2048":false,"tp-image-grid":false},"uagb_author_info":{"display_name":"admin","author_link":"https:\/\/www.ffbs.at\/blog\/author\/admin\/"},"uagb_comment_info":0,"uagb_excerpt":"Feuerwehrkommando In einer Feuerwehr gibt es verschiedene Bereiche, welche durch spezifisches Fachwissen gewartet und das notwendige Wissen an die gesamte [&hellip;]","rttpg_featured_image_url":null,"rttpg_author":{"display_name":"admin","author_link":"https:\/\/www.ffbs.at\/blog\/author\/admin\/"},"rttpg_comment":0,"rttpg_category":null,"rttpg_excerpt":"Feuerwehrkommando In einer Feuerwehr gibt es verschiedene Bereiche, welche durch spezifisches Fachwissen gewartet und das notwendige Wissen an die gesamte [&hellip;]","_links":{"self":[{"href":"https:\/\/www.ffbs.at\/blog\/wp-json\/wp\/v2\/pages\/214","targetHints":{"allow":["GET"]}}],"collection":[{"href":"https:\/\/www.ffbs.at\/blog\/wp-json\/wp\/v2\/pages"}],"about":[{"href":"https:\/\/www.ffbs.at\/blog\/wp-json\/wp\/v2\/types\/page"}],"author":[{"embeddable":true,"href":"https:\/\/www.ffbs.at\/blog\/wp-json\/wp\/v2\/users\/1"}],"replies":[{"embeddable":true,"href":"https:\/\/www.ffbs.at\/blog\/wp-json\/wp\/v2\/comments?post=214"}],"version-history":[{"count":30,"href":"https:\/\/www.ffbs.at\/blog\/wp-json\/wp\/v2\/pages\/214\/revisions"}],"predecessor-version":[{"id":46123,"href":"https:\/\/www.ffbs.at\/blog\/wp-json\/wp\/v2\/pages\/214\/revisions\/46123"}],"up":[{"embeddable":true,"href":"https:\/\/www.ffbs.at\/blog\/wp-json\/wp\/v2\/pages\/184"}],"wp:attachment":[{"href":"https:\/\/www.ffbs.at\/blog\/wp-json\/wp\/v2\/media?parent=214"}],"curies":[{"name":"wp","href":"https:\/\/api.w.org\/{rel}","templated":true}]}}