{"id":204,"date":"2013-03-31T19:43:23","date_gmt":"2013-03-31T17:43:23","guid":{"rendered":"http:\/\/www.ffbs.at\/blog\/?page_id=204"},"modified":"2026-02-06T11:49:10","modified_gmt":"2026-02-06T10:49:10","slug":"fahrmeisterei","status":"publish","type":"page","link":"https:\/\/www.ffbs.at\/blog\/uber-uns\/sachgebiete\/fahrmeisterei\/","title":{"rendered":"Fahrmeisterei"},"content":{"rendered":"\n<h2 class=\"wp-block-heading\">Fahrmeisterei<\/h2>\n\n\n\n<div style=\"height:26px\" aria-hidden=\"true\" class=\"wp-block-spacer\"><\/div>\n\n\n\n<figure class=\"wp-block-image size-full\"><img fetchpriority=\"high\" decoding=\"async\" width=\"1500\" height=\"851\" src=\"https:\/\/www.ffbs.at\/blog\/wp-content\/uploads\/2026\/02\/low-DSC_3344.avif\" alt=\"\" class=\"wp-image-53960\"\/><\/figure>\n\n\n\n<p>Das Fachgebiet Fahrmeisterei umfasst umfangreiche T\u00e4tigkeiten die wie folgt angef\u00fchrt sind:<br>&#8211; Fahrzeugausbildung<br>&#8211; Wartung der Aggregate und Pumpen<br>&#8211; Service an den Fahrzeugen<br>&#8211; Terminvereinbarungen f\u00fcr KFZ-\u00dcberpr\u00fcfung laut \u00a757a<br>&#8211; Terminvereinbarungen f\u00fcr die \u00dcberpr\u00fcfung von Kran und Hebezeuge<br>&#8211; Einholung von Reparaturkostenvoranschl\u00e4gen.<\/p>\n\n\n\n<p>Um einen reibungslosen Einsatz gew\u00e4hrleisten zu k\u00f6nnen, wird ein w\u00f6chentliche Kontrolle aller Fahrzeuge durchgef\u00fchrt. Sollten bei Durchsicht grobe M\u00e4ngel festgestellt werden, wird umgehend ein Reparaturtermin bei einer Fachwerkstatt vereinbart.<br>Eventuell auftretende M\u00e4ngel w\u00e4hrend eines Einsatzes oder \u00dcbung werden bei R\u00fcckkehr in der Feuerwehr behoben oder auf einer KFZ- Informationstafel schriftlich festgehalten, um danach die notwendigen Ma\u00dfnahmen in Evidenz zu halten und einer Behebung zuf\u00fchren zu k\u00f6nnen.<br>Die Fahrmeisterei arbeitet in enger Verbindung mit der Zeugmeisterei.<\/p>\n\n\n\n<p>Da jedes der Feuerwehrfahrzeuge eine andere Aufgabe zu erf\u00fcllen hat, muss f\u00fcr den Feuerwehreinsatz eine geschulte Mannschaft zu Verf\u00fcgung stehen.<br>Dies wird durch gezielte Ausbildung f\u00fcr jedes einzelne Fahrzeug gew\u00e4hrleistet.<\/p>\n\n\n\n<p>Die Ausbildung des Kraftfahrers und Maschinisten umfasst:<\/p>\n\n\n\n<p>&#8211; Fahren<br>&#8211; Beladung<br>&#8211; Pumpen- und Aggregatbedienung<br>&#8211; L\u00f6schtaktik<br>&#8211; Beherrschen der hydraulischen Rettungsger\u00e4te mit Einsatztaktik<\/p>\n\n\n\n<p>Nach dieser Ausbildung wird eine Abschlusspr\u00fcfung durchgef\u00fchrt.<br>Nur bei positivem Abschluss ist der Kraftfahrer berechtigt das Fahrzeug auch im Einsatzfalle zu lenken und zu bedienen.<\/p>\n\n\n\n<p>F\u00fcr Hilfseins\u00e4tze stehen noch drei Anh\u00e4nger bereit, wobei die Schulung f\u00fcr das Anh\u00e4ngerfahren im Rahmen der Fahrzeugausbildung stattfindet.<\/p>\n\n\n\n<p>Fahrmeister: BM DI (FH) Hinterberger Christoph<br>Fahrmeister-Gehilfe: SB Potz Lukas, SB Felix van de Castell<\/p>\n\n\n\n<p><\/p>\n","protected":false},"excerpt":{"rendered":"<p>Fahrmeisterei Das Fachgebiet Fahrmeisterei umfasst umfangreiche T\u00e4tigkeiten die wie folgt angef\u00fchrt sind:&#8211; Fahrzeugausbildung&#8211; Wartung der Aggregate und Pumpen&#8211; Service an [&hellip;]<\/p>\n","protected":false},"author":1,"featured_media":0,"parent":184,"menu_order":0,"comment_status":"open","ping_status":"closed","template":"","meta":{"_uag_custom_page_level_css":"","site-sidebar-layout":"default","site-content-layout":"","ast-site-content-layout":"default","site-content-style":"default","site-sidebar-style":"default","ast-global-header-display":"","ast-banner-title-visibility":"","ast-main-header-display":"","ast-hfb-above-header-display":"","ast-hfb-below-header-display":"","ast-hfb-mobile-header-display":"","site-post-title":"","ast-breadcrumbs-content":"","ast-featured-img":"","footer-sml-layout":"","ast-disable-related-posts":"","theme-transparent-header-meta":"","adv-header-id-meta":"","stick-header-meta":"","header-above-stick-meta":"","header-main-stick-meta":"","header-below-stick-meta":"","astra-migrate-meta-layouts":"default","ast-page-background-enabled":"default","ast-page-background-meta":{"desktop":{"background-color":"var(--ast-global-color-4)","background-image":"","background-repeat":"repeat","background-position":"center center","background-size":"auto","background-attachment":"scroll","background-type":"","background-media":"","overlay-type":"","overlay-color":"","overlay-opacity":"","overlay-gradient":""},"tablet":{"background-color":"","background-image":"","background-repeat":"repeat","background-position":"center center","background-size":"auto","background-attachment":"scroll","background-type":"","background-media":"","overlay-type":"","overlay-color":"","overlay-opacity":"","overlay-gradient":""},"mobile":{"background-color":"","background-image":"","background-repeat":"repeat","background-position":"center center","background-size":"auto","background-attachment":"scroll","background-type":"","background-media":"","overlay-type":"","overlay-color":"","overlay-opacity":"","overlay-gradient":""}},"ast-content-background-meta":{"desktop":{"background-color":"var(--ast-global-color-5)","background-image":"","background-repeat":"repeat","background-position":"center center","background-size":"auto","background-attachment":"scroll","background-type":"","background-media":"","overlay-type":"","overlay-color":"","overlay-opacity":"","overlay-gradient":""},"tablet":{"background-color":"var(--ast-global-color-5)","background-image":"","background-repeat":"repeat","background-position":"center center","background-size":"auto","background-attachment":"scroll","background-type":"","background-media":"","overlay-type":"","overlay-color":"","overlay-opacity":"","overlay-gradient":""},"mobile":{"background-color":"var(--ast-global-color-5)","background-image":"","background-repeat":"repeat","background-position":"center center","background-size":"auto","background-attachment":"scroll","background-type":"","background-media":"","overlay-type":"","overlay-color":"","overlay-opacity":"","overlay-gradient":""}},"ngg_post_thumbnail":0,"footnotes":""},"class_list":["post-204","page","type-page","status-publish","hentry"],"uagb_featured_image_src":{"full":false,"thumbnail":false,"medium":false,"medium_large":false,"large":false,"1536x1536":false,"2048x2048":false,"tp-image-grid":false},"uagb_author_info":{"display_name":"admin","author_link":"https:\/\/www.ffbs.at\/blog\/author\/admin\/"},"uagb_comment_info":0,"uagb_excerpt":"Fahrmeisterei Das Fachgebiet Fahrmeisterei umfasst umfangreiche T\u00e4tigkeiten die wie folgt angef\u00fchrt sind:&#8211; Fahrzeugausbildung&#8211; Wartung der Aggregate und Pumpen&#8211; Service an [&hellip;]","rttpg_featured_image_url":null,"rttpg_author":{"display_name":"admin","author_link":"https:\/\/www.ffbs.at\/blog\/author\/admin\/"},"rttpg_comment":0,"rttpg_category":null,"rttpg_excerpt":"Fahrmeisterei Das Fachgebiet Fahrmeisterei umfasst umfangreiche T\u00e4tigkeiten die wie folgt angef\u00fchrt sind:&#8211; Fahrzeugausbildung&#8211; Wartung der Aggregate und Pumpen&#8211; Service an [&hellip;]","_links":{"self":[{"href":"https:\/\/www.ffbs.at\/blog\/wp-json\/wp\/v2\/pages\/204","targetHints":{"allow":["GET"]}}],"collection":[{"href":"https:\/\/www.ffbs.at\/blog\/wp-json\/wp\/v2\/pages"}],"about":[{"href":"https:\/\/www.ffbs.at\/blog\/wp-json\/wp\/v2\/types\/page"}],"author":[{"embeddable":true,"href":"https:\/\/www.ffbs.at\/blog\/wp-json\/wp\/v2\/users\/1"}],"replies":[{"embeddable":true,"href":"https:\/\/www.ffbs.at\/blog\/wp-json\/wp\/v2\/comments?post=204"}],"version-history":[{"count":13,"href":"https:\/\/www.ffbs.at\/blog\/wp-json\/wp\/v2\/pages\/204\/revisions"}],"predecessor-version":[{"id":53961,"href":"https:\/\/www.ffbs.at\/blog\/wp-json\/wp\/v2\/pages\/204\/revisions\/53961"}],"up":[{"embeddable":true,"href":"https:\/\/www.ffbs.at\/blog\/wp-json\/wp\/v2\/pages\/184"}],"wp:attachment":[{"href":"https:\/\/www.ffbs.at\/blog\/wp-json\/wp\/v2\/media?parent=204"}],"curies":[{"name":"wp","href":"https:\/\/api.w.org\/{rel}","templated":true}]}}