{"id":202,"date":"2012-01-01T19:40:48","date_gmt":"2012-01-01T17:40:48","guid":{"rendered":"http:\/\/www.ffbs.at\/blog\/?page_id=202"},"modified":"2026-02-06T12:01:52","modified_gmt":"2026-02-06T11:01:52","slug":"vorbeugender-brandschutz","status":"publish","type":"page","link":"https:\/\/www.ffbs.at\/blog\/uber-uns\/sachgebiete\/vorbeugender-brandschutz\/","title":{"rendered":"Vorbeugender Brandschutz"},"content":{"rendered":"\n<div class=\"wp-block-uagb-advanced-heading uagb-block-6e8f4a23\"><h2 class=\"uagb-heading-text\">Vorbeugender Brandschutz<\/h2><\/div>\n\n\n\n<div style=\"height:32px\" aria-hidden=\"true\" class=\"wp-block-spacer\"><\/div>\n\n\n<p><img fetchpriority=\"high\" decoding=\"async\" class=\"wp-image-48804  alignleft\" src=\"https:\/\/www.ffbs.at\/blog\/wp-content\/uploads\/2024\/01\/DSC_9437-1-scaled.jpg\" alt=\"\" width=\"598\" height=\"396\" srcset=\"https:\/\/www.ffbs.at\/blog\/wp-content\/uploads\/2024\/01\/DSC_9437-1-scaled.jpg 2560w, https:\/\/www.ffbs.at\/blog\/wp-content\/uploads\/2024\/01\/DSC_9437-1-1536x1018.jpg 1536w, https:\/\/www.ffbs.at\/blog\/wp-content\/uploads\/2024\/01\/DSC_9437-1-2048x1357.jpg 2048w\" sizes=\"(max-width: 598px) 100vw, 598px\" \/><\/p>\n<p>Die Durchf\u00fchrung der feuerpolizeilichen Beschau ist von der Gemeinde unter Beiziehung des Kommandanten der Feuerwehr bzw. eines von ihm namhaftgemachten und geeigneten Feuerwehrmitgliedes, sowie eines Rauchfangkehrermeisters als Sachverst\u00e4ndigen vorzunehmen. Dies ist geregelt im \u00a7 20 N\u00d6 Feuerwehrgesetz. Im Gegensatz zum Rauchfangkehrer als Sachverst\u00e4ndiger hat der Feuerwehrkommandant eine beratende Funktion inne.<\/p>\n<p>Die grunds\u00e4tzlichen Brandschutzeinrichtungen sind die allgemein gesetzlichen Einrichtungen und Vorkehrungen, welche eine unverz\u00fcgliche Alarmierung der Feuerwehr im Brandfall erm\u00f6glichen und eine erfolgreiche Brandbek\u00e4mpfung mit hoher Wahrscheinlichkeit gew\u00e4hrleisten.<\/p>\n<p>Diese gesetzlichen Forderungen sind im:<\/p>\n<p>Arbeitnehmerschutzgesetz (AschG),<br>Arbeitsst\u00e4ttenverordnung (AstV),<br>Allgemeinen Arbeitnehmerschutzverordnung (AAV) und im<br>N\u00d6 Feuerwehrgesetz (N\u00d6 FG) festgelegt.<\/p>\n<p>Seit 1996 bietet die Feuerwehr Baden Stadt auch vermehrt im Bereich des vorbeugenden Brandschutzes der Badener Bev\u00f6lkerung Hilfe und Beratung an. OLM Michael Schimmer ist aktiv bem\u00fcht, Kontakt zu den vielen im \u00f6ffentlichen Dienst stehenden Einrichtungen beginnend von Kinderg\u00e4rten, Schulen, Erziehungs-, Heil- und Kurst\u00e4tten, Hotels und Herbergebetriebe, Freizeit- und Veranstaltungsh\u00e4usern bis zum Congress Casino Baden in beratender aber auch schulischer T\u00e4tigkeit zu Verf\u00fcgung zustehen.<\/p>\n<p>Diese umfasst eine Hilfestellung f\u00fcr die zust\u00e4ndigen Brandschutzbeauftragten bei der Erstellung einer Brandschutzordnung, Verhalten im Brandfalle, bei der Handhabung von Handfeuerl\u00f6schern, Organisation und Durchf\u00fchrung einer Evakuierung u.v.m..<\/p>\n<p>Diese Kontaktaufnahmen seitens der Feuerwehr wird stets sehr gerne und immer \u00f6fter in Anspruch genommen, wodurch nunmehr bereits die jeweiligen Verantwortlichen mindestens einmal im Jahr mit uns in Kontakt treten, um zum Thema Vorbeugender Brandschutz eine \u00dcbung oder Schulung mit deren Mitarbeitern abzuhalten. Dies hat nicht nur den Vorteil f\u00fcr den Betrieb, deren gesetzliche Aufgabe zu erf\u00fcllen, sondern es wird auch der Kontakt zur zust\u00e4ndigen Feuerwehr gepflegt, um im Ernstfall effizient und schadensminimierend den Einsatz durchf\u00fchren zu k\u00f6nnen.<\/p>","protected":false},"excerpt":{"rendered":"<p>Vorbeugender Brandschutz Die Durchf\u00fchrung der feuerpolizeilichen Beschau ist von der Gemeinde unter Beiziehung des Kommandanten der Feuerwehr bzw. eines von [&hellip;]<\/p>\n","protected":false},"author":1,"featured_media":0,"parent":184,"menu_order":0,"comment_status":"open","ping_status":"closed","template":"","meta":{"_uag_custom_page_level_css":"","site-sidebar-layout":"default","site-content-layout":"","ast-site-content-layout":"default","site-content-style":"default","site-sidebar-style":"default","ast-global-header-display":"","ast-banner-title-visibility":"","ast-main-header-display":"","ast-hfb-above-header-display":"","ast-hfb-below-header-display":"","ast-hfb-mobile-header-display":"","site-post-title":"","ast-breadcrumbs-content":"","ast-featured-img":"","footer-sml-layout":"","ast-disable-related-posts":"","theme-transparent-header-meta":"","adv-header-id-meta":"","stick-header-meta":"","header-above-stick-meta":"","header-main-stick-meta":"","header-below-stick-meta":"","astra-migrate-meta-layouts":"default","ast-page-background-enabled":"default","ast-page-background-meta":{"desktop":{"background-color":"var(--ast-global-color-4)","background-image":"","background-repeat":"repeat","background-position":"center center","background-size":"auto","background-attachment":"scroll","background-type":"","background-media":"","overlay-type":"","overlay-color":"","overlay-opacity":"","overlay-gradient":""},"tablet":{"background-color":"","background-image":"","background-repeat":"repeat","background-position":"center center","background-size":"auto","background-attachment":"scroll","background-type":"","background-media":"","overlay-type":"","overlay-color":"","overlay-opacity":"","overlay-gradient":""},"mobile":{"background-color":"","background-image":"","background-repeat":"repeat","background-position":"center center","background-size":"auto","background-attachment":"scroll","background-type":"","background-media":"","overlay-type":"","overlay-color":"","overlay-opacity":"","overlay-gradient":""}},"ast-content-background-meta":{"desktop":{"background-color":"var(--ast-global-color-5)","background-image":"","background-repeat":"repeat","background-position":"center center","background-size":"auto","background-attachment":"scroll","background-type":"","background-media":"","overlay-type":"","overlay-color":"","overlay-opacity":"","overlay-gradient":""},"tablet":{"background-color":"var(--ast-global-color-5)","background-image":"","background-repeat":"repeat","background-position":"center center","background-size":"auto","background-attachment":"scroll","background-type":"","background-media":"","overlay-type":"","overlay-color":"","overlay-opacity":"","overlay-gradient":""},"mobile":{"background-color":"var(--ast-global-color-5)","background-image":"","background-repeat":"repeat","background-position":"center center","background-size":"auto","background-attachment":"scroll","background-type":"","background-media":"","overlay-type":"","overlay-color":"","overlay-opacity":"","overlay-gradient":""}},"ngg_post_thumbnail":0,"footnotes":""},"class_list":["post-202","page","type-page","status-publish","hentry"],"uagb_featured_image_src":{"full":false,"thumbnail":false,"medium":false,"medium_large":false,"large":false,"1536x1536":false,"2048x2048":false,"tp-image-grid":false},"uagb_author_info":{"display_name":"admin","author_link":"https:\/\/www.ffbs.at\/blog\/author\/admin\/"},"uagb_comment_info":0,"uagb_excerpt":"Vorbeugender Brandschutz Die Durchf\u00fchrung der feuerpolizeilichen Beschau ist von der Gemeinde unter Beiziehung des Kommandanten der Feuerwehr bzw. eines von [&hellip;]","rttpg_featured_image_url":null,"rttpg_author":{"display_name":"admin","author_link":"https:\/\/www.ffbs.at\/blog\/author\/admin\/"},"rttpg_comment":0,"rttpg_category":null,"rttpg_excerpt":"Vorbeugender Brandschutz Die Durchf\u00fchrung der feuerpolizeilichen Beschau ist von der Gemeinde unter Beiziehung des Kommandanten der Feuerwehr bzw. eines von [&hellip;]","_links":{"self":[{"href":"https:\/\/www.ffbs.at\/blog\/wp-json\/wp\/v2\/pages\/202","targetHints":{"allow":["GET"]}}],"collection":[{"href":"https:\/\/www.ffbs.at\/blog\/wp-json\/wp\/v2\/pages"}],"about":[{"href":"https:\/\/www.ffbs.at\/blog\/wp-json\/wp\/v2\/types\/page"}],"author":[{"embeddable":true,"href":"https:\/\/www.ffbs.at\/blog\/wp-json\/wp\/v2\/users\/1"}],"replies":[{"embeddable":true,"href":"https:\/\/www.ffbs.at\/blog\/wp-json\/wp\/v2\/comments?post=202"}],"version-history":[{"count":7,"href":"https:\/\/www.ffbs.at\/blog\/wp-json\/wp\/v2\/pages\/202\/revisions"}],"predecessor-version":[{"id":53968,"href":"https:\/\/www.ffbs.at\/blog\/wp-json\/wp\/v2\/pages\/202\/revisions\/53968"}],"up":[{"embeddable":true,"href":"https:\/\/www.ffbs.at\/blog\/wp-json\/wp\/v2\/pages\/184"}],"wp:attachment":[{"href":"https:\/\/www.ffbs.at\/blog\/wp-json\/wp\/v2\/media?parent=202"}],"curies":[{"name":"wp","href":"https:\/\/api.w.org\/{rel}","templated":true}]}}