{"id":197,"date":"2012-01-01T19:37:51","date_gmt":"2012-01-01T17:37:51","guid":{"rendered":"http:\/\/www.ffbs.at\/blog\/?page_id=197"},"modified":"2024-02-17T19:17:06","modified_gmt":"2024-02-17T18:17:06","slug":"zeugmeisterei","status":"publish","type":"page","link":"https:\/\/www.ffbs.at\/blog\/uber-uns\/sachgebiete\/zeugmeisterei\/","title":{"rendered":"Zeugmeisterei"},"content":{"rendered":"\n<div class=\"wp-block-uagb-advanced-heading uagb-block-92fcd543\"><h2 class=\"uagb-heading-text\">Zeugmeisterei<\/h2><\/div>\n\n\n\n<div style=\"height:36px\" aria-hidden=\"true\" class=\"wp-block-spacer\"><\/div>\n\n\n<p><img fetchpriority=\"high\" decoding=\"async\" class=\"alignleft wp-image-48816 \" src=\"https:\/\/www.ffbs.at\/blog\/wp-content\/uploads\/2024\/01\/DSC_9450-scaled.jpg\" alt=\"\" width=\"643\" height=\"426\" srcset=\"https:\/\/www.ffbs.at\/blog\/wp-content\/uploads\/2024\/01\/DSC_9450-scaled.jpg 2560w, https:\/\/www.ffbs.at\/blog\/wp-content\/uploads\/2024\/01\/DSC_9450-1536x1017.jpg 1536w, https:\/\/www.ffbs.at\/blog\/wp-content\/uploads\/2024\/01\/DSC_9450-2048x1356.jpg 2048w\" sizes=\"(max-width: 643px) 100vw, 643px\" \/><\/p>\n<p><span style=\"text-decoration: underline;\"><strong>Die Aufgaben:<\/strong><\/span><br>\u2022 Instandhaltung und Wartung der Ger\u00e4tschaften<br>\u2022 Instandhaltung, \u00dcberpr\u00fcfung und Ausgabe<br>von Bekleidungsgegenst\u00e4nden<\/p>\n<p><span style=\"text-decoration: underline;\"><strong>Das Team:<\/strong><\/span><br>Zeugmeister:&nbsp;BSB Markus Trobits<br>Zeugmeister-Stellvertreter: OLM Alexander Riesner<br>Zeugmeister-Gehilfe: SB Yvonne Stosch<\/p>\n<p>Die Zeugmeisterei ist f\u00fcr die Beschaffung und Ausr\u00fcstung der Feuerwehrmitglieder mit Einsatz- und Dienstbekleidung verantwortlich.<\/p>\n<p>Dar\u00fcber hinaus betreut sie auch s\u00e4mtliche nicht<br>motorbetriebene Ger\u00e4tschaften (Schl\u00e4uche, L\u00f6scharmaturen usw.) in der Feuerwehr und in den Fahrzeugen.<\/p>\n<p>Besonderes Augenmerk wird darauf gelegt, dass die Feuerwehrmitglieder zum Eigenschutz bestm\u00f6glich ausger\u00fcstet sind und die Dienstbekleidungen f\u00fcr Brandsicherheitswachen sowie Ausbildungen stets in tadellosem Zustand sind, da jedes Mitglied die Feuerwehr in der \u00d6ffentlichkeit repr\u00e4sentiert.<\/p>\n<p>Erg\u00e4nzt wird unsere Uniform mit einer eigenen, individuellen Freizeitbekleidung, bestehend aus T-Shirts, Polo Shirts, Pullover, Kappen und Trainingshosen. Jedem Mitglied steht die Grundausr\u00fcstung f\u00fcr seine Dienst-, \u00dcbungs-, und Einsatzaufgaben von seinem Eintritt an zur Verf\u00fcgung.<\/p>\n<p>In regelm\u00e4\u00dfigen Intervallen wird der ordnungsgem\u00e4\u00dfe Funktionsstand der gesamten Uniform \u00fcberpr\u00fcft. Nach jeder \u00dcbung oder jedem Einsatz werden die ben\u00f6tigten Kleidungsst\u00fccke von jedem einzelnen Mitglied grob gereinigt.<\/p>\n<p>Die Zeugmeisterei sorgt f\u00fcr die gr\u00fcndliche Sauberkeit der Einsatzuniformen, indem sie nach schweren Eins\u00e4tzen oder \u00dcbungen gewaschen und getrocknet wird.<br>Auch die Uniformen der Jugendfeuerwehr werden ausgegeben, erfasst und kontrolliert.<\/p>\n<p>Neben der Beschaffung und Instandhaltung der Uniformen, ist die regelm\u00e4\u00dfige \u00dcberpr\u00fcfung und Instandsetzung s\u00e4mtlicher Ger\u00e4tschaften, sowohl f\u00fcr den Brand-, als auch f\u00fcr den technischen Einsatzdienst ein weiterer gro\u00dfer Aufgabenbereich der Zeugmeisterei.<br>Die Ger\u00e4tschaften werden laufend auf Vollst\u00e4ndigkeit, Sauberkeit und vor allem Funktionsf\u00e4higkeit kontrolliert.<br>Hinzu kommen noch umfangreiche Tests vor Neuanschaffungen bzw. dem Austausch von Ger\u00e4tschaften, um das f\u00fcr die Aufgaben der Freiwilligen Feuerwehr Baden-Stadt geeignetste Equipment zu beschaffen.<\/p>\n<p>Egal, ob einem Mitglied ein Knopf angen\u00e4ht werden muss, ein Uniformteil nicht mehr passt, Ger\u00e4te in Fahrzeugen defekt sind oder man sein Namensschild verloren hat, das Team der Zeugmeisterei ist stets die erste Ansprechstation.<\/p>","protected":false},"excerpt":{"rendered":"<p>Zeugmeisterei Die Aufgaben:\u2022 Instandhaltung und Wartung der Ger\u00e4tschaften\u2022 Instandhaltung, \u00dcberpr\u00fcfung und Ausgabevon Bekleidungsgegenst\u00e4nden Das Team:Zeugmeister:&nbsp;BSB Markus TrobitsZeugmeister-Stellvertreter: OLM Alexander RiesnerZeugmeister-Gehilfe: [&hellip;]<\/p>\n","protected":false},"author":1,"featured_media":0,"parent":184,"menu_order":0,"comment_status":"open","ping_status":"closed","template":"","meta":{"_uag_custom_page_level_css":"","site-sidebar-layout":"default","site-content-layout":"","ast-site-content-layout":"default","site-content-style":"default","site-sidebar-style":"default","ast-global-header-display":"","ast-banner-title-visibility":"","ast-main-header-display":"","ast-hfb-above-header-display":"","ast-hfb-below-header-display":"","ast-hfb-mobile-header-display":"","site-post-title":"","ast-breadcrumbs-content":"","ast-featured-img":"","footer-sml-layout":"","ast-disable-related-posts":"","theme-transparent-header-meta":"","adv-header-id-meta":"","stick-header-meta":"","header-above-stick-meta":"","header-main-stick-meta":"","header-below-stick-meta":"","astra-migrate-meta-layouts":"default","ast-page-background-enabled":"default","ast-page-background-meta":{"desktop":{"background-color":"var(--ast-global-color-4)","background-image":"","background-repeat":"repeat","background-position":"center center","background-size":"auto","background-attachment":"scroll","background-type":"","background-media":"","overlay-type":"","overlay-color":"","overlay-opacity":"","overlay-gradient":""},"tablet":{"background-color":"","background-image":"","background-repeat":"repeat","background-position":"center center","background-size":"auto","background-attachment":"scroll","background-type":"","background-media":"","overlay-type":"","overlay-color":"","overlay-opacity":"","overlay-gradient":""},"mobile":{"background-color":"","background-image":"","background-repeat":"repeat","background-position":"center center","background-size":"auto","background-attachment":"scroll","background-type":"","background-media":"","overlay-type":"","overlay-color":"","overlay-opacity":"","overlay-gradient":""}},"ast-content-background-meta":{"desktop":{"background-color":"var(--ast-global-color-5)","background-image":"","background-repeat":"repeat","background-position":"center center","background-size":"auto","background-attachment":"scroll","background-type":"","background-media":"","overlay-type":"","overlay-color":"","overlay-opacity":"","overlay-gradient":""},"tablet":{"background-color":"var(--ast-global-color-5)","background-image":"","background-repeat":"repeat","background-position":"center center","background-size":"auto","background-attachment":"scroll","background-type":"","background-media":"","overlay-type":"","overlay-color":"","overlay-opacity":"","overlay-gradient":""},"mobile":{"background-color":"var(--ast-global-color-5)","background-image":"","background-repeat":"repeat","background-position":"center center","background-size":"auto","background-attachment":"scroll","background-type":"","background-media":"","overlay-type":"","overlay-color":"","overlay-opacity":"","overlay-gradient":""}},"ngg_post_thumbnail":0,"footnotes":""},"class_list":["post-197","page","type-page","status-publish","hentry"],"uagb_featured_image_src":{"full":false,"thumbnail":false,"medium":false,"medium_large":false,"large":false,"1536x1536":false,"2048x2048":false,"tp-image-grid":false},"uagb_author_info":{"display_name":"admin","author_link":"https:\/\/www.ffbs.at\/blog\/author\/admin\/"},"uagb_comment_info":0,"uagb_excerpt":"Zeugmeisterei Die Aufgaben:\u2022 Instandhaltung und Wartung der Ger\u00e4tschaften\u2022 Instandhaltung, \u00dcberpr\u00fcfung und Ausgabevon Bekleidungsgegenst\u00e4nden Das Team:Zeugmeister:&nbsp;BSB Markus TrobitsZeugmeister-Stellvertreter: OLM Alexander RiesnerZeugmeister-Gehilfe: [&hellip;]","rttpg_featured_image_url":null,"rttpg_author":{"display_name":"admin","author_link":"https:\/\/www.ffbs.at\/blog\/author\/admin\/"},"rttpg_comment":0,"rttpg_category":null,"rttpg_excerpt":"Zeugmeisterei Die Aufgaben:\u2022 Instandhaltung und Wartung der Ger\u00e4tschaften\u2022 Instandhaltung, \u00dcberpr\u00fcfung und Ausgabevon Bekleidungsgegenst\u00e4nden Das Team:Zeugmeister:&nbsp;BSB Markus TrobitsZeugmeister-Stellvertreter: OLM Alexander RiesnerZeugmeister-Gehilfe: [&hellip;]","_links":{"self":[{"href":"https:\/\/www.ffbs.at\/blog\/wp-json\/wp\/v2\/pages\/197","targetHints":{"allow":["GET"]}}],"collection":[{"href":"https:\/\/www.ffbs.at\/blog\/wp-json\/wp\/v2\/pages"}],"about":[{"href":"https:\/\/www.ffbs.at\/blog\/wp-json\/wp\/v2\/types\/page"}],"author":[{"embeddable":true,"href":"https:\/\/www.ffbs.at\/blog\/wp-json\/wp\/v2\/users\/1"}],"replies":[{"embeddable":true,"href":"https:\/\/www.ffbs.at\/blog\/wp-json\/wp\/v2\/comments?post=197"}],"version-history":[{"count":11,"href":"https:\/\/www.ffbs.at\/blog\/wp-json\/wp\/v2\/pages\/197\/revisions"}],"predecessor-version":[{"id":48941,"href":"https:\/\/www.ffbs.at\/blog\/wp-json\/wp\/v2\/pages\/197\/revisions\/48941"}],"up":[{"embeddable":true,"href":"https:\/\/www.ffbs.at\/blog\/wp-json\/wp\/v2\/pages\/184"}],"wp:attachment":[{"href":"https:\/\/www.ffbs.at\/blog\/wp-json\/wp\/v2\/media?parent=197"}],"curies":[{"name":"wp","href":"https:\/\/api.w.org\/{rel}","templated":true}]}}